{"id":313,"date":"2025-08-30T19:32:45","date_gmt":"2025-08-30T19:32:45","guid":{"rendered":"https:\/\/www.izmirdorukhaliyikama.com\/?page_id=313"},"modified":"2025-08-31T16:17:22","modified_gmt":"2025-08-31T16:17:22","slug":"hali-yikama","status":"publish","type":"page","link":"https:\/\/www.izmirdorukhaliyikama.com\/index.php\/hali-yikama\/","title":{"rendered":"Hal\u0131 Y\u0131kama"},"content":{"rendered":"<div data-colibri-id=\"313-c232\" class=\"style-515 style-local-313-c232 position-relative\">\n  <!---->\n  <div data-colibri-component=\"section\" data-colibri-id=\"313-c240\" id=\"content\" class=\"h-section h-section-global-spacing d-flex align-items-lg-center align-items-md-center align-items-center style-546 style-local-313-c240 position-relative\">\n    <!---->\n    <!---->\n    <div class=\"h-section-grid-container h-section-boxed-container\">\n      <!---->\n      <div data-colibri-id=\"313-c241\" class=\"h-row-container gutters-row-lg-2 gutters-row-md-2 gutters-row-2 gutters-row-v-lg-2 gutters-row-v-md-2 gutters-row-v-2 style-547 style-local-313-c241 position-relative\">\n        <!---->\n        <div class=\"h-row justify-content-lg-center justify-content-md-center justify-content-center align-items-lg-stretch align-items-md-stretch align-items-stretch gutters-col-lg-2 gutters-col-md-2 gutters-col-2 gutters-col-v-lg-2 gutters-col-v-md-2 gutters-col-v-2\">\n          <!---->\n          <div class=\"h-column h-column-container d-flex h-col-lg-auto h-col-md-auto h-col-auto style-548-outer style-local-313-c242-outer\">\n            <div data-colibri-id=\"313-c242\" class=\"d-flex h-flex-basis h-column__inner h-px-lg-0 h-px-md-2 h-px-0 v-inner-lg-0 v-inner-md-2 v-inner-0 style-548 style-local-313-c242 position-relative\">\n              <!---->\n              <!---->\n              <div class=\"w-100 h-y-container h-column__content h-column__v-align flex-basis-100 align-self-lg-center align-self-md-center align-self-center\">\n                <!---->\n                <div data-colibri-id=\"313-c243\" class=\"d-block style-549 style-local-313-c243 position-relative h-element\">\n                  <!---->\n                  <div class=\"h-image__frame-container-outer\">\n                    <div class=\"h-image__frame-container\">\n                      <!---->\n                      <!---->\n                      <img decoding=\"async\" src=\"http:\/\/www.izmirdorukhaliyikama.com\/wp-content\/uploads\/2025\/08\/colibri-image-116.png\" class=\"wp-image-132 style-549-image style-local-313-c243-image\" alt=\"\" \/>\n                      <div class=\"h-image__frame h-hide-sm style-549-frameImage style-local-313-c243-frameImage\"><\/div>\n                    <\/div>\n                  <\/div>\n                <\/div>\n              <\/div>\n            <\/div>\n          <\/div>\n          <div class=\"h-column h-column-container d-flex h-col-lg-auto h-col-md-auto h-col-auto style-550-outer style-local-313-c244-outer\">\n            <div data-colibri-id=\"313-c244\" class=\"d-flex h-flex-basis h-column__inner h-px-lg-0 h-px-md-0 h-px-2 v-inner-lg-0 v-inner-md-0 v-inner-2 style-550 style-local-313-c244 position-relative\">\n              <!---->\n              <!---->\n              <div class=\"w-100 h-y-container h-column__content h-column__v-align flex-basis-100 align-self-lg-center align-self-md-center align-self-center\">\n                <!---->\n                <div data-colibri-id=\"313-c245\" class=\"h-global-transition-all h-heading style-551 style-local-313-c245 position-relative h-element\">\n                  <!---->\n                  <div class=\"h-heading__outer style-551 style-local-313-c245\">\n                    <!---->\n                    <!---->\n                    <h3 class=\"\">The secret of success<\/h3>\n                  <\/div>\n                <\/div>\n                <div data-colibri-id=\"313-c246\" class=\"h-text h-text-component style-552 style-local-313-c246 position-relative h-element\">\n                  <!---->\n                  <!---->\n                  <div class=\"\">\n                    <h3>1. <strong>Hal\u0131lar\u0131n Teslim Al\u0131nmas\u0131<\/strong><\/h3>\n                    <ul>\n                      <li>M\u00fc\u015fterilerden hal\u0131lar evlerinden al\u0131n\u0131r veya fabrikaya b\u0131rak\u0131l\u0131r.<\/li>\n                      <li>Teslim al\u0131nd\u0131\u011f\u0131nda hal\u0131n\u0131n \u00f6l\u00e7\u00fcs\u00fc al\u0131n\u0131r, hangi t\u00fcr hal\u0131 oldu\u011fu (el dokuma, shaggy, makine hal\u0131s\u0131 vs.) not edilir.<\/li>\n                      <li>Lekeler ve \u00f6zel durumlar (\u00f6rne\u011fin evcil hayvan lekesi, \u00e7ay kahve lekesi) kay\u0131t alt\u0131na al\u0131n\u0131r.<\/li>\n                    <\/ul>\n                    <h3>2. <strong>Toz Alma \u0130\u015flemi<\/strong><\/h3>\n                    <ul>\n                      <li>Y\u0131kamadan \u00f6nce hal\u0131n\u0131n i\u00e7inde birikmi\u015f toz, akar ve k\u00fc\u00e7\u00fck par\u00e7ac\u0131klar <strong>toz alma makinesi<\/strong> veya g\u00fc\u00e7l\u00fc vakumlarla temizlenir.<\/li>\n                      <li>Bu ad\u0131m \u00f6nemli \u00e7\u00fcnk\u00fc direkt y\u0131kanan tozlu hal\u0131, \u00e7amur gibi olur ve hal\u0131n\u0131n liflerine daha \u00e7ok i\u015fler.<\/li>\n                    <\/ul>\n                    <h3>3. <strong>Lekelerin \u00d6n \u0130\u015flemi<\/strong><\/h3>\n                    <ul>\n                      <li>Hal\u0131daki zor lekeler (ya\u011f, m\u00fcrekkep, kahve, \u00e7ay gibi) \u00f6zel leke \u00e7\u00f6z\u00fcc\u00fclerle \u00f6nceden yumu\u015fat\u0131l\u0131r.<\/li>\n                      <li>Kullan\u0131lan deterjanlar <strong>sa\u011fl\u0131\u011fa zarars\u0131z ve Tar\u0131m Bakanl\u0131\u011f\u0131 onayl\u0131<\/strong> \u00fcr\u00fcnlerdir.<\/li>\n                    <\/ul>\n                    <h3>4. <strong>K\u00f6p\u00fckl\u00fc Y\u0131kama<\/strong><\/h3>\n                    <ul>\n                      <li>Hal\u0131 t\u00fcr\u00fcne uygun deterjan haz\u0131rlan\u0131r.<\/li>\n                      <li>Hal\u0131 <strong>f\u0131r\u00e7alama makineleri<\/strong> ile bol k\u00f6p\u00fck ve suyla y\u0131kan\u0131r.<\/li>\n                      <li>Liflerin i\u00e7ine kadar temizlik sa\u011flan\u0131r.<\/li>\n                    <\/ul>\n                    <h3>5. <strong>Durulama<\/strong><\/h3>\n                    <ul>\n                      <li>Y\u0131kama sonras\u0131 hal\u0131, g\u00fc\u00e7l\u00fc bas\u0131n\u00e7l\u0131 suyla iyice durulan\u0131r.<\/li>\n                      <li>Hi\u00e7bir deterjan kal\u0131nt\u0131s\u0131 kalmamas\u0131 i\u00e7in bu i\u015flem birka\u00e7 kez tekrarlan\u0131r.<\/li>\n                    <\/ul>\n                    <h3>6. <strong>S\u0131kma (Santrif\u00fcj)<\/strong><\/h3>\n                    <ul>\n                      <li>Y\u0131kanan hal\u0131, <strong>s\u0131kma makinesine<\/strong> (santrif\u00fcj) yerle\u015ftirilir.<\/li>\n                      <li>\u00c7ok h\u0131zl\u0131 d\u00f6nerek hal\u0131n\u0131n i\u00e7indeki suyun %95\u2019i \u00e7\u0131kar\u0131l\u0131r.<\/li>\n                      <li>Bu sayede hal\u0131 a\u011f\u0131rla\u015fmaz ve h\u0131zl\u0131 kurur.<\/li>\n                    <\/ul>\n                    <h3>7. <strong>Kurulama<\/strong><\/h3>\n                    <ul>\n                      <li>Hal\u0131lar, \u00f6zel <strong>kapal\u0131 kurutma odalar\u0131nda<\/strong> veya do\u011fal hava alan hijyenik alanlarda kurutulur.<\/li>\n                      <li>G\u00fcne\u015f \u0131\u015f\u0131\u011f\u0131na direkt maruz b\u0131rak\u0131lmaz, b\u00f6ylece hal\u0131 solmaz.<\/li>\n                    <\/ul>\n                    <h3>8. <strong>Son Kontrol ve Paketleme<\/strong><\/h3>\n                    <ul>\n                      <li>Kuruyan hal\u0131lar tek tek kontrol edilir.<\/li>\n                      <li>Varsa kalan k\u00fc\u00e7\u00fck lekeler yeniden m\u00fcdahale edilir.<\/li>\n                      <li>Hal\u0131 taran\u0131r, g\u00fczelce katlan\u0131r ve <strong>temiz, \u015feffaf ambalaj<\/strong> ile paketlenir.<\/li>\n                    <\/ul>\n                    <h3>9. <strong>Teslimat<\/strong><\/h3>\n                    <ul>\n                      <li>Hal\u0131lar, teslim al\u0131nan adrese geri g\u00f6t\u00fcr\u00fcl\u00fcr.<\/li>\n                      <li>M\u00fc\u015fteriye teslim edilmeden \u00f6nce \u201cmemnuniyet kontrol\u00fc\u201d yap\u0131l\u0131r.<\/li>\n                      <li>M\u00fc\u015fteri onay\u0131 olmadan i\u015flem tamamlanm\u0131\u015f say\u0131lmaz.<\/li>\n                    <\/ul>\n                    <p>\n                      <br>\n                    <\/p>\n                  <\/div>\n                <\/div>\n                <div data-colibri-id=\"313-c247\" class=\"h-x-container style-553 style-local-313-c247 position-relative h-element\">\n                  <!---->\n                  <div class=\"h-x-container-inner style-dynamic-313-c247-group style-553-spacing style-local-313-c247-spacing\"><span class=\"h-button__outer style-554-outer style-local-313-c248-outer d-inline-flex h-element\"><a h-use-smooth-scroll=\"true\" href=\"\"  data-colibri-id=\"313-c248\" class=\"d-flex w-100 align-items-center h-button justify-content-lg-center justify-content-md-center justify-content-center style-554 style-local-313-c248 position-relative\"><!----><!----> <span>LEARN MORE<\/span><\/a>\n                    <\/span>\n                  <\/div>\n                <\/div>\n              <\/div>\n            <\/div>\n          <\/div>\n        <\/div>\n      <\/div>\n    <\/div>\n  <\/div>\n<\/div>","protected":false},"excerpt":{"rendered":"<p>The secret of success 1. Hal\u0131lar\u0131n Teslim Al\u0131nmas\u0131 M\u00fc\u015fterilerden hal\u0131lar evlerinden al\u0131n\u0131r veya fabrikaya b\u0131rak\u0131l\u0131r. Teslim al\u0131nd\u0131\u011f\u0131nda hal\u0131n\u0131n \u00f6l\u00e7\u00fcs\u00fc al\u0131n\u0131r, hangi t\u00fcr hal\u0131 oldu\u011fu (el dokuma, shaggy, makine hal\u0131s\u0131 vs.) not edilir. Lekeler ve \u00f6zel durumlar (\u00f6rne\u011fin evcil hayvan lekesi, \u00e7ay kahve lekesi) kay\u0131t alt\u0131na al\u0131n\u0131r. 2. Toz Alma \u0130\u015flemi Y\u0131kamadan \u00f6nce hal\u0131n\u0131n i\u00e7inde birikmi\u015f [&hellip;]<\/p>\n","protected":false},"author":1,"featured_media":0,"parent":0,"menu_order":0,"comment_status":"closed","ping_status":"closed","template":"page-templates\/full-width-page.php","meta":{"footnotes":""},"class_list":["post-313","page","type-page","status-publish","hentry"],"_links":{"self":[{"href":"https:\/\/www.izmirdorukhaliyikama.com\/index.php\/wp-json\/wp\/v2\/pages\/313","targetHints":{"allow":["GET"]}}],"collection":[{"href":"https:\/\/www.izmirdorukhaliyikama.com\/index.php\/wp-json\/wp\/v2\/pages"}],"about":[{"href":"https:\/\/www.izmirdorukhaliyikama.com\/index.php\/wp-json\/wp\/v2\/types\/page"}],"author":[{"embeddable":true,"href":"https:\/\/www.izmirdorukhaliyikama.com\/index.php\/wp-json\/wp\/v2\/users\/1"}],"replies":[{"embeddable":true,"href":"https:\/\/www.izmirdorukhaliyikama.com\/index.php\/wp-json\/wp\/v2\/comments?post=313"}],"version-history":[{"count":2,"href":"https:\/\/www.izmirdorukhaliyikama.com\/index.php\/wp-json\/wp\/v2\/pages\/313\/revisions"}],"predecessor-version":[{"id":419,"href":"https:\/\/www.izmirdorukhaliyikama.com\/index.php\/wp-json\/wp\/v2\/pages\/313\/revisions\/419"}],"wp:attachment":[{"href":"https:\/\/www.izmirdorukhaliyikama.com\/index.php\/wp-json\/wp\/v2\/media?parent=313"}],"curies":[{"name":"wp","href":"https:\/\/api.w.org\/{rel}","templated":true}]}}